c2c5
What is -1203232123 (base 4) in base 13?
-113c02
Convert -4134035 (base 6) to base 4.
-300220013
What is 215977 (base 10) in base 14?
589cd
Convert 4322561 (base 9) to base 4.
20311321333
e069 (base 16) to base 4
32001221
Convert -235203505 (base 6) to base 5.
-2114324310
What is -580dc1 (base 16) in base 12?
-1b23629
1000000111010000111 (base 2) to base 3
111111200210
-254541 (base 10) to base 16
-3e24d
What is -4153441 (base 7) in base 6?
-14421514
Convert -22052074 (base 8) to base 3.
-22220211021100
What is -10331344 (base 5) in base 14?
-2491d
1323104 (base 5) to base 9
40505
Convert 62a42 (base 12) to base 14.
35202
What is 11003322 (base 6) in base 11?
203a52
Convert -13054541 (base 7) to base 11.
-743197
-156b00c (base 13) to base 8
-32173143
-1105631 (base 10) to base 8
-4157337
-21411324 (base 6) to base 12
-269b44
Convert 1022000120 (base 3) to base 16.
63ba
What is 928a8 (base 15) in base 2?
1110001010111001101
28864 (base 15) to base 5
13131034
Convert -146155 (base 8) to base 3.
-2122210021
Convert 1928 (base 12) to base 16.
bf0
101110111001101111 (base 2) to base 15
3bdc6
Convert 304201 (base 6) to base 9.
36251
What is bbc268 (base 13) in base 14?
832966
Convert -31141022 (base 5) to base 10.
-255762
-434210 (base 6) to base 15
-a9a9
-134230445 (base 6) to base 3
-12010110220102
100000010101110100000 (base 2) to base 5
232402434
Convert -ba9d (base 14) to base 5.
-2013113
Convert 2aca (base 14) to base 7.
31143
2bb2ac (base 13) to base 3
2000221102000
1240303224 (base 5) to base 13
8303bc
What is 124140 (base 10) in base 3?
20022021210
ca006 (base 13) to base 12
157084
What is 35253220 (base 6) in base 7?
12212622
Convert 143040000 (base 6) to base 9.
5477100
-32242201 (base 5) to base 8
-1030364
Convert -32033204 (base 6) to base 15.
-137ca7
55034032 (base 8) to base 14
17d6358
Convert 110101101100011011100 (base 2) to base 5.
422300302
Convert -123b389 (base 12) to base 15.
-4a6636
-210102112122 (base 3) to base 7
-3404420
What is 147d5 (base 15) in base 6?
1225032
-10201221133 (base 5) to base 2
-101000010100100110111000
Convert -15064a (base 12) to base 2.
-1010110010010011010
Convert 11062155 (base 8) to base 14.
461257
What is -111021023003 (base 4) in base 6?
-314444055
Convert 5622 (base 13) to base 5.
341102
What is -371514 (base 9) in base 8?
-665735
Convert 30301213 (base 4) to base 3.
2122210001
What is -658377 (base 10) in base 4?
-2200233021
What is 110030133003 (base 4) in base 9?
10858023
Convert -4131232011 (base 5) to base 2.
-100000010001110011000010
What is -13ccc (base 13) in base 3?
-1220020021
Convert 36554046 (base 7) to base 10.
3273969
What is 1244303 (base 7) in base 14?
43273
Convert -1101111011110101 (base 2) to base 4.
-31323311
What is 107744 (base 14) in base 3?
1001101001212
Convert 560133 (base 7) to base 12.
49016
What is bc987 (base 13) in base 8?
1234227
Convert 3745333 (base 9) to base 5.
1010202303
2b3143 (base 12) to base 11
45a352
Convert -37238 (base 13) to base 2.
-11000110001000111
What is 26b6 (base 15) in base 6?
102143
Convert 1331222013 (base 4) to base 3.
222011000210
What is 14335620 (base 7) in base 12?
553536
What is -44444220 (base 5) in base 6?
-12212052
What is 15210512 (base 7) in base 15?
1d90c2
360542 (base 8) to base 13
44127
What is 111000011111110100101 (base 2) in base 13?
4ca85a
Convert 110101111001000 (base 2) to base 11.
19804
Convert 20010021223 (base 4) to base 2.
1000000100001001101011
1002033212 (base 4) to base 13
9666b
Convert 1151299 (base 10) to base 8.
4310503
Convert -1000200201000012 (base 3) to base 11.
-8342163
12386 (base 9) to base 14
307a
What is -2744444 (base 10) in base 4?
-22132001330
11022000302 (base 4) to base 7
14326622
What is -20422011 (base 6) in base 14?
-116691
113b7 (base 14) to base 6
522005
What is 134550430 (base 6) in base 3?
12011210110000
39e15 (base 15) to base 9
312312
-30303021 (base 4) to base 8
-146311
Convert 57925 (base 12) to base 10.
117101
Convert 419bc (base 14) to base 11.
a8a64
What is 12110202011002 (base 3) in base 11?
170698a
What is 21401325 (base 6) in base 13?
1944cb
What is -2a70646 (base 12) in base 14?
-12005dc
Convert -332200131 (base 4) to base 2.
-111110100000011101
What is 222003131 (base 4) in base 3?
22202021202
What is 1a2470 (base 12) in base 13?
131694
-100110000110011011100000 (base 2) to base 16
-9866e0
a05c (base 16) to base 2
1010000001011100
50983 (base 13) to base 9
240111
Convert -4142750 (base 8) to base 3.
-2001211212121
What is -180950 (base 15) in base 16?
-11cc8b
Convert 110110111220 (base 3) to base 6.
5131423
Convert 344076 (base 10) to base 16.
5400c
What is -11447441 (base 8) in base 5?
-1120320000
Convert -6770b5 (base 12) to base 15.
-229002
What is -192b1c (base 16) in base 11?
-a27278
What is -446510 (base 8) in base 3?
-21122221021
What is b68a6 (base 13) in base 12?
13a375
What is 2002100111 (base 3) in base 8?
120170
Convert 20112132 (base 4) to base 10.
34206
What is -3076a (base 16) in base 8?
-603552
Convert -4324455 (base 6) to base 10.
-213587
-1b7b50 (base 13) to base 16
-ab92f
10011011100010111 (base 2) to base 5
10022024
What is 543153 (base 9) in base 4?
1033003131
-33035032 (base 6) to base 5
-223003024
Convert bb99bb (base 15) to base 3.
121211022220112
Convert -1202002101110 (base 3) to base 4.
-3202101321
Convert -331441113 (base 6) to base 10.
-5961861
What is -10011111000000100 (base 2) in base 3?
-11010200021
What is -6651 (base 12) in base 15?
-352d
Convert 2201110000001 (base 3) to base 10.
1445608
-732403 (base 8) to base 9
-410231
-22123311 (base 5) to base 10
-192331
Convert -12110225 (base 6) to base 13.
-1050a1
What is -1493a7 (base 14) in base 12?
-2a6a73
What is -67a83 (base 12) in base 10?
-138051
What is 1011111011111011100011 (base 2) in base 13?
85731b
-771212 (base 10) to base 12
-312378
What is -2221102122 (base 3) in base 2?
-1110001000110001
Convert 10110011000000010 (base 2) to base 16.
16602
Convert 1441432211 (base 5) to base 13.
a512c5
Convert 293412 (base 16) to base 6.
133513230
What is -1056222 (base 9) in base 8?
-2126742
Convert -2333962 (base 11) to base 10.
-4075348
a1515a (base 12) to base 6
125544554
-4671366 (base 12) to base 9
-27504156
Convert 323030002 (base 4) to base 12.
b836a
-59bc88 (base 13) to base 2
-1000001010011010101101
11102200 (base 5) to base 14
275b1
Convert -268879 (base 10) to base 16.
-41a4f
363455 (base 8) to base 6
2401221
Convert -111120210113 (base 4) to base 12.
-1a6401b
859aa5 (base 12) to base 4
20003133131
11011221220 (base 3) to base 8
240653
Convert -12222002210220 (base 3) to base 6.
-151544340
Convert -39ccbc (base 16) to base 7.
-44124425
What is 58141 (base 10) in base 6?
1125101
141021112 (base 5) to base 8
2576435
What is 34031441 (base 5) in base 13?
a6129
What is -e468 (base 16) in base 4?
-32101220
What is 180825 (base 9) in base 8?
333120
35310413 (base 6) to base 14
20814d
Convert -10001001010110110011011 (base 2) to base 6.
-240245243
-527512 (base 10) to base 8
-2006230
-1354314 (base 7) to base 11
-114496
-4a24412 (base 11) to base 12
-2b111a9
What is 147677 (base 9) in base 2?
10110001101001000
Convert -244417 (base 9) to base 6.
-3055154
Convert -4716a (base 16) to base 6.
-10124014
What is 132133114 (base 5) in base 10?
661659
What is 211212012022211 (base 3) in base 12?
409a31a
1001100111000000100111 (base 2) to base 9
4658466
What is -11030234 (base 5) in base 8?
-272716
Convert -144605 (base 9) to base 12.
-433b8
Convert -524144404 (base 6) to base 2.
-100010111011111110010100
103133211 (base 4) to base 14
21153
What is -14a8a6 (base 12) in base 2?
-1010101100001111110
Convert 13679 (base 16) to base 9.
131022
What is -311798 (base 10) in base 9?
-524632
-1012361 (base 7) to base 15
-25c6b
-2132203103 (base 4) to base 3
-1012222211212
4163715 (base 9) to base 14
41d7d9
What is 565674 (base 8) in base 2?
101110101110111100
14482198 (base 10) to base 14
1ccdaaa
Convert 8a26 (base 14) to base 3.
1012211220
What is -10000011110100000001 (base 2) in base 9?
-1012544
Convert 16033225 (base 7) to base 3.
2220010110001
Convert 204145515 (base 6) to base 13.
97857b
What is -47350 (base 9) in base 12?
-16383
Convert -1000000001111010111010010 (base 2) to base 3.
-1011200120100010
